2. Suppose -x - 2*x + 96 = 0. Calculate the greatest common divisor of y and x.
16
Let a(x) = -3*x + 4. Let h be a(-4). Suppose -23 = -3*w + 5*j + h, 0 = w - 3*j - 17. Let d be -3 + 134*4/8. Calculate the highest common divisor of d and w.
8
Let z(h) = 8*h**2 + 2*h + 1. Let b be z(-1). Suppose 0 = 5*g + 2*p - 3*p - 140, -5*g + 140 = p. Calculate the highest common divisor of g and b.
7
Let z = 212 + -62. What is the highest common divisor of z and 6?
6
Let y(b) = 3*b**2 + b + 4. Let i be y(-3). Suppose 5*p = 10 + 10. Calculate the greatest common divisor of i and p.
4
Let b(n) = n**3 + 4*n**2 - 3*n - 4. Let t be b(-4). Let s = -3 - -1. Let g be s + 28/(-2 + 4). What is the highest common factor of t and g?
4
Let c(k) = k. Let t be c(0). Let y be (11 - 1)*(t + 4). Let g = 19 - 3. Calculate the greatest common factor of g and y.
8
Let y(l) = 45*l**3 - 2*l**2 + 3*l - 2. Let m be y(1). Calculate the highest common factor of 4 and m.
4
Let t be 670/4 + 1/2. Calculate the greatest common divisor of 42 and t.
42
Suppose 315*n - 60 = 309*n. Suppose -52 = -2*i - 4*o, -3*i + 127 = 3*o + 43. What is the highest common divisor of n and i?
10
Let a be (-2)/3*(-1 + 7). Let c = a - -16. Suppose -102 = -5*b + 198. What is the greatest common factor of b and c?
12
Let c(s) = -s**3 + 2*s**2 + 63. Let h be c(0). What is the highest common factor of h and 7?
7
Let f be 3 - 66/9*3. Let d = f - -29. Calculate the greatest common factor of d and 4.
2
Let k(p) = 3*p - 5. Let j be k(5). Calculate the highest common divisor of j and 25.
5
Let w be 12/(-21) + 1268/14. Calculate the highest common divisor of w and 18.
18
Let p = 97 - 33. Calculate the highest common factor of 8 and p.
8
Suppose -2*d + 10 - 2 = -5*b, 5*d = -3*b - 11. Let j be d - -3 - -11*1. What is the highest common factor of 104 and j?
13
Let f = -8 - 18. Let h = f - -38. Let y = 92 - 62. What is the greatest common divisor of h and y?
6
Let x be 4 - 2/(-2 + 1). Calculate the greatest common factor of 24 and x.
6
Let h = 14 + -9. Suppose -h*d + 50 = -25. What is the highest common divisor of 105 and d?
15
Let i = 130 - 90. What is the highest common factor of i and 20?
20
Let v = 78 - 36. What is the highest common factor of v and 7?
7
Let s be 1*(-24)/(5 + -2). Let m = 12 + s. Suppose -n = -3*f - 0*n + 36, 2*f = -m*n + 38. Calculate the highest common factor of 13 and f.
13
Suppose 0 = 3*d + 3*z - 222, -5*z - 4 + 14 = 0. Suppose 2*x + 5 = 17. Suppose 3*a - d + x = 0. Calculate the highest common factor of 55 and a.
11
Suppose 3*o - 14 = p, -5*o = -3*p - 20 - 2. Let k be p + (1 - 1 - -6). Suppose -k + 62 = 5*w. Calculate the greatest common divisor of w and 33.
11
Let o(k) = k**2 - 2*k + 5. Let d be o(4). Let s = d - 31. Let m = s - -70. Calculate the greatest common divisor of m and 13.
13
Let d(m) = -m**3 - m**2 - m + 5. Let v be d(0). Suppose -36 = 3*n - v*n. Suppose -3*u = -3 - n. Calculate the greatest common divisor of u and 14.
7
Suppose 0*q + 4*l = 4*q - 140, 0 = 5*q + 3*l - 215. Calculate the greatest common divisor of q and 16.
8
Let t be -2 + 2 - (-4 - -1). Suppose 0 = a + 3*h + 1 + 2, -t*a + 31 = -h. Let k = a - -15. What is the highest common divisor of k and 60?
12
Let v be (2 - 15/(-10))*4. What is the highest common divisor of 21 and v?
7
Suppose 24*b + 6 = 26*b. What is the highest common divisor of b and 21?
3
Let b(x) = x + 6. Let n be b(-8). Let h be ((-6)/5)/(n/(-10)). Let y be h/(0 - (-1)/(-5)). What is the greatest common factor of y and 75?
15
Let a(q) = -149*q - 1. Let o be a(-2). What is the greatest common divisor of 27 and o?
27
Let x(s) = 3*s. Let t be x(1). What is the greatest common factor of t and 9?
3
Let k be (-2)/(-2) + (0 - -6). Let l(a) = -9*a + 1. Let i be l(-3). Suppose -i = -o - o. Calculate the highest common divisor of k and o.
7
Let p = -88 + 108. What is the greatest common factor of p and 220?
20
Suppose -27 = 12*o - 15*o. What is the greatest common factor of 3 and o?
3
Suppose -74 = -9*o + 178. Let q be (4/6)/(1/(-15)). Let p be ((-12)/15)/(2/q). Calculate the highest common factor of o and p.
4
Suppose -2*t + 63 = t. Calculate the greatest common divisor of 42 and t.
21
Let q be (-2 + -8)*4/8. Let t = 116 - q. Let l(m) = -m**3 - 7*m**2 - m + 4. Let g be l(-7). Calculate the greatest common factor of g and t.
11
Suppose 4*a + 2*o = 42, -4*a = 2*o - 3*o - 51. Let d(j) = j**3 + 4*j**2 + 4*j + 3. Let c be d(-2). What is the highest common divisor of a and c?
3
Let s = 197 - 117. Let y = 11 - -9. What is the highest common divisor of y and s?
20
Let k = -77 + 97. Calculate the highest common divisor of 60 and k.
20
Let x = 1 + -3. Let j(p) = -3*p - 3. Let f be j(x). Let w(c) = c**3 - 2*c**2 + 3. Let r be w(f). What is the greatest common divisor of r and 8?
4
Suppose -5*f = -3*g + 118, -3*g + 0*f - 4*f + 100 = 0. What is the highest common divisor of g and 4?
4
Let y(q) = 5*q**2 - 5*q + 6. Let r be y(3). What is the highest common factor of r and 4?
4
Let i be 1 + (0 - 2) + 7. Let l be ((-3)/i)/((-2)/(-60)). Let d = 23 + l. Calculate the highest common factor of d and 8.
8
Let v(p) = -18*p + 5. Let i(h) = 12*h - 3. Let l(n) = -8*i(n) - 5*v(n). Let j be l(-1). Calculate the greatest common divisor of 2 and j.
1
Suppose c + 7 = 2*l, l = 4*l - 4*c + 2. Suppose 3*b = 4*b - l. Suppose 2*q - 5 = -4*n + 19, -n = -4*q + 21. What is the highest common factor of q and b?
6
Let c be (-2)/((-3)/3*1). Suppose 2*r = -c*r + 260. Let a be 4 - 1 - -23 - 0. What is the highest common divisor of r and a?
13
Let h = 38 - 16. Suppose -h + 682 = 5*g. Calculate the highest common factor of g and 12.
12
Let o be 2/(16/20)*10. What is the greatest common factor of o and 125?
25
Let d be (-3 - -4)*(11 + 0). Let l be d + (2 - 1)*3. What is the highest common divisor of l and 14?
14
Let s be ((-6)/(-2))/((-6)/4). Let m be 2102/18 + s/(-9). Suppose 17 + 48 = 5*v. What is the highest common factor of v and m?
13
Let q be 31/62*108/1. What is the greatest common divisor of q and 72?
18
Suppose 46 = 3*s - 4*k, -3*s + 44 = s - k. Suppose 0 = 28*t - 251 - 309. Calculate the greatest common divisor of s and t.
10
Let x(a) = 2*a**2 - 2*a. Let d be x(-6). Suppose 0 = g + j - 28, 3*g = -0*g + 3*j + d. What is the greatest common divisor of g and 14?
14
Let r(v) = v**2 - v + 12. Let g be r(0). Let s = -11 + 29. Calculate the greatest common factor of g and s.
6
Suppose -3 + 12 = -n. Let i = 19 + n. Let m be 12/66 + (251/11 - -2). Calculate the highest common factor of m and i.
5
Let q(m) = m**3 + 14*m**2 - 18*m - 12. Let l be q(-14). What is the highest common divisor of l and 30?
30
Let k(v) = -v**3 + 6*v**2 + 1. Let p be k(6). Let m be 5 + 1 + p/(-1). Suppose 2*r - 5 = -m*x - 0, 0 = -r. What is the highest common divisor of 1 and x?
1
Let z = 3 - -1. Let t be 1/(-2)*5*-10. Suppose -6*b = -b + t, -3*b + 81 = z*y. Calculate the greatest common factor of 8 and y.
8
Suppose -4*w = -7*w + 135. Calculate the greatest common factor of 5 and w.
5
Let v(y) = -y**3 - 5*y**2 + 3*y - 6. Let k be v(-8). Suppose 4*l = 26 + 50. Let h be (-1 - 0)/1 + l. Calculate the greatest common divisor of h and k.
18
Suppose 2*z = 33 + 23. Calculate the highest common factor of z and 70.
14
Let d be 8/((-40)/(-21))*5. Calculate the greatest common divisor of 147 and d.
21
Let q = 466 - 221. Let d = q + -160. What is the greatest common factor of d and 17?
17
Let d be 400/(-140)*42/(-4). Calculate the highest common factor of d and 10.
10
Suppose -6*m = -3*m - 243. Suppose -n = -0*n - m. Let f = 153 - n. Calculate the highest common factor of 9 and f.
9
Suppose -4*p + 214 = -5*m, 2*p + 0*m - 96 = -3*m. Suppose -9*w - 183 = -489. What is the greatest common divisor of w and p?
17
Suppose -20*s + 18*s = -64. Calculate the greatest common divisor of s and 40.
8
Suppose -4*g = -g - 102. Let c = g + -10. What is the highest common factor of c and 8?
8
Let v = 15 - 5. Suppose o = 33 - v. Suppose -98 + o = -5*y. Calculate the greatest common divisor of y and 15.
15
Suppose 198 + 102 = u. Calculate the greatest common factor of u and 25.
25
Let c = 9 - -5. Let u be (21/4)/(1/4). What is the highest common factor of u and c?
7
Let b be (2/4)/((-1)/20). Let g(h) = h + 12. Let n be g(b). Suppose 0 = n*l - 36 - 36. What is the gre